of 4121 and 792183.
317
Calculate the greatest common factor of 80 and 51560.
40
What is the greatest common divisor of 56 and 634914?
14
What is the greatest common divisor of 16 and 103216?
16
Calculate the greatest common divisor of 408 and 712776.
408
What is the highest common divisor of 2205 and 38577?
21
Calculate the greatest common divisor of 37508 and 30.
2
Calculate the greatest common divisor of 80 and 9845.
5
What is the highest common factor of 77807 and 29?
29
Calculate the greatest common factor of 27887 and 194503.
353
Calculate the greatest common factor of 9688 and 224.
56
Calculate the highest common factor of 94 and 578.
2
Calculate the highest common factor of 99 and 2025.
9
What is the greatest common factor of 115 and 3703?
23
Calculate the highest common divisor of 209 and 3857.
19
What is the highest common factor of 41 and 1227827?
41
Calculate the highest common divisor of 116288 and 920.
184
What is the greatest common divisor of 15 and 196795?
5
Calculate the highest common factor of 666 and 251378.
74
What is the greatest common factor of 26 and 1964014?
26
What is the greatest common factor of 250870 and 10?
10
What is the greatest common factor of 2736109 and 6836?
1709
Calculate the greatest common divisor of 105 and 68215.
35
What is the highest common divisor of 12180 and 322?
14
What is the greatest common factor of 116651 and 93618?
743
What is the greatest common divisor of 496811 and 49?
49
What is the greatest common divisor of 26523 and 4032?
63
What is the greatest common divisor of 414 and 9162?
18
Calculate the highest common factor of 32680 and 1045.
95
What is the greatest common divisor of 250454 and 388?
194
Calculate the greatest common divisor of 306546 and 285.
57
Calculate the highest common divisor of 504781 and 391.
391
What is the greatest common divisor of 26200 and 93272?
1048
What is the greatest common factor of 7272 and 9595?
101
Calculate the highest common divisor of 462 and 127215.
33
Calculate the greatest common factor of 43340 and 330.
110
What is the greatest common divisor of 740 and 504495?
185
Calculate the highest common factor of 85759 and 8531.
449
Calculate the greatest common factor of 310098 and 84.
6
What is the greatest common factor of 615576 and 16?
8
What is the greatest common factor of 172 and 36550?
86
What is the highest common divisor of 289418 and 4?
2
Calculate the highest common factor of 308 and 25520.
44
Calculate the greatest common divisor of 2679 and 741.
57
Calculate the highest common divisor of 9 and 3138975.
9
Calculate the greatest common divisor of 953197 and 1191.
397
Calculate the highest common factor of 23762 and 8502.
218
Calculate the highest common factor of 3806 and 1254.
22
Calculate the greatest common divisor of 262 and 655.
131
Calculate the highest common divisor of 77648 and 5520.
368
What is the greatest common factor of 1394 and 238?
34
Calculate the greatest common factor of 122947 and 77.
11
Calculate the greatest common divisor of 49376 and 232.
8
What is the highest common factor of 123 and 25133?
41
Calculate the highest common divisor of 300 and 34700.
100
Calculate the highest common divisor of 402 and 123.
3
What is the highest common factor of 987 and 4564875?
987
Calculate the greatest common factor of 142 and 131989.
71
What is the highest common factor of 9884 and 1918?
14
Calculate the highest common factor of 88 and 585607.
11
Calculate the greatest common factor of 7 and 102991.
7
What is the greatest common divisor of 440 and 10000?
40
What is the highest common divisor of 14760 and 87740?
820
Calculate the greatest common factor of 166144 and 187.
11
Calculate the greatest common divisor of 6 and 6062.
2
What is the highest common divisor of 190444 and 376?
188
Calculate the greatest common factor of 442 and 110194.
34
Calculate the highest common divisor of 1083 and 171475.
361
What is the highest common divisor of 179264 and 136?
8
What is the highest common divisor of 70504 and 21?
7
Calculate the highest common divisor of 32 and 33590.
2
What is the highest common divisor of 5916 and 2091?
51
Calculate the highest common divisor of 19716 and 318000.
636
Calculate the highest common factor of 25249 and 21.
7
Calculate the greatest common factor of 6633801 and 18.
9
Calculate the highest common divisor of 3157010 and 30.
10
What is the highest common divisor of 88360 and 4136?
376
Calculate the highest common factor of 214 and 662.
2
What is the highest common factor of 4466 and 88682?
638
Calculate the highest common divisor of 640 and 7705600.
640
Calculate the highest common factor of 21888 and 1064.
152
What is the greatest common factor of 321 and 37129?
107
Calculate the greatest common factor of 16720 and 32208.
176
What is the highest common divisor of 8404 and 37686?
22
Calculate the highest common factor of 261 and 97731.
9
What is the greatest common factor of 511452 and 36?
36
What is the highest common factor of 9120 and 30210?
570
What is the greatest common factor of 58 and 2230883?
29
Calculate the highest common divisor of 105862 and 82.
82
Calculate the greatest common factor of 24302 and 406.
58
Calculate the greatest common factor of 4 and 249409.
1
What is the greatest common divisor of 47 and 46013?
47
What is the greatest common divisor of 15 and 3935835?
15
What is the highest common divisor of 21705 and 30?
15
What is the greatest common divisor of 117047 and 483?
161
What is the highest common divisor of 32039 and 483?
161
Calculate the highest common divisor of 845230 and 70.
10
Calculate the greatest common divisor of 14352 and 1118.
26
What is the highest common divisor of 120 and 3079704?
24
What is the highest common divisor of 1441040 and 160?
80
What is the highest common factor of 42 and 4820046?
42
Calculate the highest common divisor of 1852759 and 461.
461
Calculate the highest common factor of 228982 and 26.
26
Calculate the greatest common factor of 5050 and 20.
10
What is the highest common factor of 984 and 70520?
328
What is the greatest common factor of 33 and 16489?
11
Calculate the highest common factor of 1504 and 12384.
32
Calculate the highest common divisor of 43587 and 8091.
261
What is the highest common factor of 20600 and 3000?
200
Calculate the greatest common divisor of 588 and 1068.
12
Calculate the highest common divisor of 13 and 44837.
13
Calculate the highest common factor of 189191 and 1939.
277
What is the greatest common divisor of 360 and 213660?
180
Calculate the highest common factor of 1363 and 10295.
29
Calculate the highest common divisor of 796928 and 352.
352
Calculate the greatest common divisor of 2410196 and 3620.
724
What is the greatest common factor of 24640 and 8932?
308
Calculate the greatest common factor of 585648 and 7470.
1494
What is the greatest common factor of 273 and 4781?
7
What is the greatest common divisor of 22440 and 2010?
30
Calculate the highest common factor of 444625 and 125.
125
What is the greatest common factor of 352856 and 42?
14
Calculate the greatest common divisor of 17108 and 5551.
91
Calculate the greatest common divisor of 190 and 2823058.
38
What is the greatest common factor of 105 and 473830?
35
What is the highest common factor of 3632280 and 240?
120
What is the highest common divisor of 127374 and 47840?
598
What is the greatest common divisor of 1170 and 58890?
390
Calculate the highest common divisor of 135 and 97650.
45
Calculate the greatest common factor of 4741 and 275.
11
Calculate the highest common factor of 1628 and 17277964.
1628
What is the greatest common divisor of 2254665 and 394?
197
What is the highest common factor of 50 and 626?
2
What is the greatest common divisor of 27 and 274833?
27
What is the greatest common divisor of 42 and 186564?
42
What is the highest common factor of 324 and 14251788?
324
Calculate the highest common divisor of 46 and 13777.
23
What is the highest common factor of 3810 and 6225?
15
Calculate the greatest common factor of 19088 and 430673.
1193
Calculate the greatest common divisor of 24 and 1559256.
24
Calculate the highest common factor of 58541 and 21.
7
Calculate the greatest common factor of 32 and 84116.
4
What is the greatest common diviso